{"id":261,"date":"2023-05-02T13:01:08","date_gmt":"2023-05-02T16:01:08","guid":{"rendered":"http:\/\/tdi_836_637"},"modified":"2023-07-10T21:21:54","modified_gmt":"2023-07-11T00:21:54","slug":"quem-somos","status":"publish","type":"page","link":"https:\/\/aantenada.com.br\/index.php\/quem-somos\/","title":{"rendered":"Quem Somos"},"content":{"rendered":"<p>Bem-vindos ao nosso blog! Somos um grupo de mulheres apaixonadas por moda, beleza e desenvolvimento pessoal que decidiu unir for\u00e7as e criar um espa\u00e7o para compartilhar nossas ideias, dicas e tend\u00eancias favoritas.<\/p>\n<p>Nosso objetivo \u00e9 inspirar e ajudar mulheres a se sentir confiantes e empoderadas em todas as \u00e1reas da vida. Acreditamos que a moda e a beleza s\u00e3o ferramentas poderosas para expressar nossa individualidade e personalidade, mas tamb\u00e9m sabemos que existem outros aspectos importantes que contribuem para nosso bem-estar e felicidade.<\/p>\n<p>Por isso, nosso blog abrange diversas categorias para fornecer conte\u00fados variados e relevantes para nossas leitoras. Aqui voc\u00ea encontrar\u00e1 dicas de moda e beleza, tend\u00eancias de entretenimento e lifestyle, al\u00e9m de artigos sobre comportamento e desenvolvimento pessoal.<\/p>\n<p>Nosso compromisso \u00e9 oferecer um espa\u00e7o inclusivo, acolhedor e livre de preconceitos, onde todas as mulheres possam se sentir representadas e inspiradas. Acreditamos na import\u00e2ncia da diversidade e valorizamos as diferentes perspectivas e experi\u00eancias de cada uma de nossas leitoras.<\/p>\n<p>Agradecemos pela sua visita em nosso blog e esperamos que voc\u00ea encontre inspira\u00e7\u00e3o e informa\u00e7\u00e3o valiosa aqui. Sinta-se \u00e0 vontade para nos contatar caso tenha alguma d\u00favida ou sugest\u00e3o de conte\u00fado.<\/p>\n","protected":false},"excerpt":{"rendered":"<p>Bem-vindos ao nosso blog! Somos um grupo de mulheres apaixonadas por moda, beleza e desenvolvimento pessoal que decidiu unir for\u00e7as e criar um espa\u00e7o para compartilhar nossas ideias, dicas e tend\u00eancias favoritas. Nosso objetivo \u00e9 inspirar e ajudar mulheres a se sentir confiantes e empoderadas em todas as \u00e1reas da vida. Acreditamos que a moda&hellip;&nbsp;<a href=\"https:\/\/aantenada.com.br\/index.php\/quem-somos\/\" rel=\"bookmark\">Continue a ler &raquo;<span class=\"screen-reader-text\">Quem Somos<\/span><\/a><\/p>\n","protected":false},"author":1,"featured_media":0,"parent":0,"menu_order":0,"comment_status":"open","ping_status":"closed","template":"","meta":{"neve_meta_sidebar":"","neve_meta_container":"","neve_meta_enable_content_width":"","neve_meta_content_width":0,"neve_meta_title_alignment":"","neve_meta_author_avatar":"","neve_post_elements_order":"","neve_meta_disable_header":"","neve_meta_disable_footer":"","neve_meta_disable_title":"","footnotes":""},"class_list":["post-261","page","type-page","status-publish","hentry"],"yoast_head":"<!-- This site is optimized with the Yoast SEO plugin v27.5 - https:\/\/yoast.com\/product\/yoast-seo-wordpress\/ -->\n<title>Quem Somos -<\/title>\n<meta name=\"description\" content=\"Nesta p\u00e1gina voc\u00ea encontra um pouco da hist\u00f3ria do website Aantenada e informa\u00e7\u00f5es sobre as autoras dos artigos.\" \/>\n<meta name=\"robots\" content=\"index, follow, max-snippet:-1, max-image-preview:large, max-video-preview:-1\" \/>\n<link rel=\"canonical\" href=\"https:\/\/aantenada.com.br\/index.php\/quem-somos\/\" \/>\n<meta property=\"og:locale\" content=\"pt_BR\" \/>\n<meta property=\"og:type\" content=\"article\" \/>\n<meta property=\"og:title\" content=\"Quem Somos -\" \/>\n<meta property=\"og:description\" content=\"Nesta p\u00e1gina voc\u00ea encontra um pouco da hist\u00f3ria do website Aantenada e informa\u00e7\u00f5es sobre as autoras dos artigos.\" \/>\n<meta property=\"og:url\" content=\"https:\/\/aantenada.com.br\/index.php\/quem-somos\/\" \/>\n<meta property=\"article:publisher\" content=\"https:\/\/www.facebook.com\/profile.php?id=100092620668940\" \/>\n<meta property=\"article:modified_time\" content=\"2023-07-11T00:21:54+00:00\" \/>\n<meta name=\"twitter:card\" content=\"summary_large_image\" \/>\n<meta name=\"twitter:site\" content=\"@aantenadablog\" \/>\n<meta name=\"twitter:label1\" content=\"Est. tempo de leitura\" \/>\n\t<meta name=\"twitter:data1\" content=\"2 minutos\" \/>\n<script type=\"application\/ld+json\" class=\"yoast-schema-graph\">{\"@context\":\"https:\\\/\\\/schema.org\",\"@graph\":[{\"@type\":\"WebPage\",\"@id\":\"https:\\\/\\\/aantenada.com.br\\\/index.php\\\/quem-somos\\\/\",\"url\":\"https:\\\/\\\/aantenada.com.br\\\/index.php\\\/quem-somos\\\/\",\"name\":\"Quem Somos -\",\"isPartOf\":{\"@id\":\"https:\\\/\\\/aantenada.com.br\\\/#website\"},\"datePublished\":\"2023-05-02T16:01:08+00:00\",\"dateModified\":\"2023-07-11T00:21:54+00:00\",\"description\":\"Nesta p\u00e1gina voc\u00ea encontra um pouco da hist\u00f3ria do website Aantenada e informa\u00e7\u00f5es sobre as autoras dos artigos.\",\"breadcrumb\":{\"@id\":\"https:\\\/\\\/aantenada.com.br\\\/index.php\\\/quem-somos\\\/#breadcrumb\"},\"inLanguage\":\"pt-BR\",\"potentialAction\":[{\"@type\":\"ReadAction\",\"target\":[\"https:\\\/\\\/aantenada.com.br\\\/index.php\\\/quem-somos\\\/\"]}]},{\"@type\":\"BreadcrumbList\",\"@id\":\"https:\\\/\\\/aantenada.com.br\\\/index.php\\\/quem-somos\\\/#breadcrumb\",\"itemListElement\":[{\"@type\":\"ListItem\",\"position\":1,\"name\":\"In\u00edcio\",\"item\":\"https:\\\/\\\/aantenada.com.br\\\/\"},{\"@type\":\"ListItem\",\"position\":2,\"name\":\"Quem Somos\"}]},{\"@type\":\"WebSite\",\"@id\":\"https:\\\/\\\/aantenada.com.br\\\/#website\",\"url\":\"https:\\\/\\\/aantenada.com.br\\\/\",\"name\":\"\",\"description\":\"Seu portal de moda, beleza, entretenimento e estilo de vida\",\"publisher\":{\"@id\":\"https:\\\/\\\/aantenada.com.br\\\/#\\\/schema\\\/person\\\/ec03ee8eb0870d93005a89d09ed349fa\"},\"potentialAction\":[{\"@type\":\"SearchAction\",\"target\":{\"@type\":\"EntryPoint\",\"urlTemplate\":\"https:\\\/\\\/aantenada.com.br\\\/?s={search_term_string}\"},\"query-input\":{\"@type\":\"PropertyValueSpecification\",\"valueRequired\":true,\"valueName\":\"search_term_string\"}}],\"inLanguage\":\"pt-BR\"},{\"@type\":[\"Person\",\"Organization\"],\"@id\":\"https:\\\/\\\/aantenada.com.br\\\/#\\\/schema\\\/person\\\/ec03ee8eb0870d93005a89d09ed349fa\",\"name\":\"Liliane\",\"image\":{\"@type\":\"ImageObject\",\"inLanguage\":\"pt-BR\",\"@id\":\"https:\\\/\\\/aantenada.com.br\\\/wp-content\\\/uploads\\\/2023\\\/05\\\/Logo.png\",\"url\":\"https:\\\/\\\/aantenada.com.br\\\/wp-content\\\/uploads\\\/2023\\\/05\\\/Logo.png\",\"contentUrl\":\"https:\\\/\\\/aantenada.com.br\\\/wp-content\\\/uploads\\\/2023\\\/05\\\/Logo.png\",\"width\":407,\"height\":257,\"caption\":\"Liliane\"},\"logo\":{\"@id\":\"https:\\\/\\\/aantenada.com.br\\\/wp-content\\\/uploads\\\/2023\\\/05\\\/Logo.png\"},\"sameAs\":[\"http:\\\/\\\/aantenada.com.br\",\"https:\\\/\\\/www.facebook.com\\\/profile.php?id=100092620668940\",\"https:\\\/\\\/www.instagram.com\\\/aantenadablog\\\/\",\"https:\\\/\\\/br.pinterest.com\\\/aantenadafashionblog\\\/\",\"https:\\\/\\\/x.com\\\/https:\\\/\\\/twitter.com\\\/aantenadablog\"]}]}<\/script>\n<!-- \/ Yoast SEO plugin. -->","yoast_head_json":{"title":"Quem Somos -","description":"Nesta p\u00e1gina voc\u00ea encontra um pouco da hist\u00f3ria do website Aantenada e informa\u00e7\u00f5es sobre as autoras dos artigos.","robots":{"index":"index","follow":"follow","max-snippet":"max-snippet:-1","max-image-preview":"max-image-preview:large","max-video-preview":"max-video-preview:-1"},"canonical":"https:\/\/aantenada.com.br\/index.php\/quem-somos\/","og_locale":"pt_BR","og_type":"article","og_title":"Quem Somos -","og_description":"Nesta p\u00e1gina voc\u00ea encontra um pouco da hist\u00f3ria do website Aantenada e informa\u00e7\u00f5es sobre as autoras dos artigos.","og_url":"https:\/\/aantenada.com.br\/index.php\/quem-somos\/","article_publisher":"https:\/\/www.facebook.com\/profile.php?id=100092620668940","article_modified_time":"2023-07-11T00:21:54+00:00","twitter_card":"summary_large_image","twitter_site":"@aantenadablog","twitter_misc":{"Est. tempo de leitura":"2 minutos"},"schema":{"@context":"https:\/\/schema.org","@graph":[{"@type":"WebPage","@id":"https:\/\/aantenada.com.br\/index.php\/quem-somos\/","url":"https:\/\/aantenada.com.br\/index.php\/quem-somos\/","name":"Quem Somos -","isPartOf":{"@id":"https:\/\/aantenada.com.br\/#website"},"datePublished":"2023-05-02T16:01:08+00:00","dateModified":"2023-07-11T00:21:54+00:00","description":"Nesta p\u00e1gina voc\u00ea encontra um pouco da hist\u00f3ria do website Aantenada e informa\u00e7\u00f5es sobre as autoras dos artigos.","breadcrumb":{"@id":"https:\/\/aantenada.com.br\/index.php\/quem-somos\/#breadcrumb"},"inLanguage":"pt-BR","potentialAction":[{"@type":"ReadAction","target":["https:\/\/aantenada.com.br\/index.php\/quem-somos\/"]}]},{"@type":"BreadcrumbList","@id":"https:\/\/aantenada.com.br\/index.php\/quem-somos\/#breadcrumb","itemListElement":[{"@type":"ListItem","position":1,"name":"In\u00edcio","item":"https:\/\/aantenada.com.br\/"},{"@type":"ListItem","position":2,"name":"Quem Somos"}]},{"@type":"WebSite","@id":"https:\/\/aantenada.com.br\/#website","url":"https:\/\/aantenada.com.br\/","name":"","description":"Seu portal de moda, beleza, entretenimento e estilo de vida","publisher":{"@id":"https:\/\/aantenada.com.br\/#\/schema\/person\/ec03ee8eb0870d93005a89d09ed349fa"},"potentialAction":[{"@type":"SearchAction","target":{"@type":"EntryPoint","urlTemplate":"https:\/\/aantenada.com.br\/?s={search_term_string}"},"query-input":{"@type":"PropertyValueSpecification","valueRequired":true,"valueName":"search_term_string"}}],"inLanguage":"pt-BR"},{"@type":["Person","Organization"],"@id":"https:\/\/aantenada.com.br\/#\/schema\/person\/ec03ee8eb0870d93005a89d09ed349fa","name":"Liliane","image":{"@type":"ImageObject","inLanguage":"pt-BR","@id":"https:\/\/aantenada.com.br\/wp-content\/uploads\/2023\/05\/Logo.png","url":"https:\/\/aantenada.com.br\/wp-content\/uploads\/2023\/05\/Logo.png","contentUrl":"https:\/\/aantenada.com.br\/wp-content\/uploads\/2023\/05\/Logo.png","width":407,"height":257,"caption":"Liliane"},"logo":{"@id":"https:\/\/aantenada.com.br\/wp-content\/uploads\/2023\/05\/Logo.png"},"sameAs":["http:\/\/aantenada.com.br","https:\/\/www.facebook.com\/profile.php?id=100092620668940","https:\/\/www.instagram.com\/aantenadablog\/","https:\/\/br.pinterest.com\/aantenadafashionblog\/","https:\/\/x.com\/https:\/\/twitter.com\/aantenadablog"]}]}},"_links":{"self":[{"href":"https:\/\/aantenada.com.br\/index.php\/wp-json\/wp\/v2\/pages\/261","targetHints":{"allow":["GET"]}}],"collection":[{"href":"https:\/\/aantenada.com.br\/index.php\/wp-json\/wp\/v2\/pages"}],"about":[{"href":"https:\/\/aantenada.com.br\/index.php\/wp-json\/wp\/v2\/types\/page"}],"author":[{"embeddable":true,"href":"https:\/\/aantenada.com.br\/index.php\/wp-json\/wp\/v2\/users\/1"}],"replies":[{"embeddable":true,"href":"https:\/\/aantenada.com.br\/index.php\/wp-json\/wp\/v2\/comments?post=261"}],"version-history":[{"count":1,"href":"https:\/\/aantenada.com.br\/index.php\/wp-json\/wp\/v2\/pages\/261\/revisions"}],"predecessor-version":[{"id":1862,"href":"https:\/\/aantenada.com.br\/index.php\/wp-json\/wp\/v2\/pages\/261\/revisions\/1862"}],"wp:attachment":[{"href":"https:\/\/aantenada.com.br\/index.php\/wp-json\/wp\/v2\/media?parent=261"}],"curies":[{"name":"wp","href":"https:\/\/api.w.org\/{rel}","templated":true}]}}